. Suppose 24 = l*g - 4*g. What are the prime factors of g?
2
Suppose 0 = 5*a - a - 12. Suppose -6 = a*j - 6*j. Suppose z - j*l = -z + 32, 4*l + 9 = -z. What are the prime factors of z?
11
What are the prime factors of 1/(2/4330*(18 + -17))?
5, 433
Let s(o) = 6*o + 4*o - o - 16 + o**2 + 7. List the prime factors of s(12).
3
Let g(m) = -11*m**2 - 10. Let x(n) = 22*n**2 - n + 21. Let q(i) = -13*g(i) - 6*x(i). What are the prime factors of q(3)?
11
Let t(l) = l**3 - 5*l**2 + 3*l - 10. Let j be t(5). Let n(w) = w**2 + 3*w - 2. What are the prime factors of n(j)?
2, 19
Suppose -81*k + 83*k - 100 = 0. Suppose -760 = -k*t + 42*t. List the prime factors of t.
5, 19
Let i be (-3)/24 + 0 - 22329/(-72). Let p = i - 33. List the prime factors of p.
277
Suppose -76 = -h + 2*s + 31, -2*h - 4*s = -230. List the prime factors of h.
3, 37
List the prime factors of (-203)/28*(-96)/4.
2, 3, 29
Suppose 0 = 12*c - 3485 - 20299. What are the prime factors of c?
2, 991
Suppose -4*f = -266 - 682. List the prime factors of f.
3, 79
Let i = -351 + 801. List the prime factors of i.
2, 3, 5
Suppose -4*y + 49 = 3*t, -2*y - 2*y + 2*t = -34. Let u = y - 12. Let f(c) = -6*c**3 - 4*c**2 - 4*c - 3. What are the prime factors of f(u)?
37
Let k(i) = -2*i**3 - i**2 + 4*i + 12. Let j be k(5). Let b = 3 + -2. List the prime factors of j/(-6) - b/2.
2, 5
Suppose -78*z + 28*z + 42400 = 0. What are the prime factors of z?
2, 53
Let h(f) = -3*f + 18. Let r be h(9). Let y = 56 + r. What are the prime factors of y?
47
Suppose 6*a - 3829 = -907. List the prime factors of a.
487
Suppose a = -9*w + 8*w + 5258, 0 = 3*w + 2*a - 15769. What are the prime factors of w?
3, 17, 103
Let m be (-5)/(75/(-183))*65. Suppose m = 16*s - 3*s. What are the prime factors of s?
61
Suppose 4*z + 5*p = 2568, -5*z = -5*p + 3*p - 3177. List the prime factors of z.
7, 13
Let j = -375 - -896. What are the prime factors of j?
521
Let z = -1361 - -2509. List the prime factors of z.
2, 7, 41
Let q = -37 + 37. Suppose 4*h - 3*z - 262 = q, 126 = 2*h - 4*z - 0*z. Suppose 3*x - 98 = h. List the prime factors of x.
5, 11
List the prime factors of (3 - 0) + 282 + 2.
7, 41
Suppose -42 - 12 = -9*v. Suppose -v*k - 290 = -8*k. What are the prime factors of k?
5, 29
Let f = -29 + 48. Let m be f*(-3)/(-6)*2. Suppose -5*j = -46 - m. List the prime factors of j.
13
Let a = 117 - -85. List the prime factors of a.
2, 101
List the prime factors of (-11)/22 + 22443/6 + -1.
3739
What are the prime factors of (-12)/9*6471/(-6)?
2, 719
Suppose 0 = -5*z + 2*z - 57. Let p = 2 + z. Let u = p + 24. What are the prime factors of u?
7
Let a be 2/(184/44 + -4). Let s(z) = z**3 - 11*z**2 + 14*z + 9. Let o be s(a). Suppose 0 = -4*h - 5*r + 101, 4*h - o = 2*r - 41. List the prime factors of h.
29
Let o = -5 + -6. Let q = o + 8. List the prime factors of (1/(-4))/(q/204).
17
Suppose 55 = 2*k - 39. Suppose -92 = 4*a - 3*w + w, -a + 3*w - 28 = 0. Let t = k + a. What are the prime factors of t?
5
Let a be 4/(-26) + 4/26. Let y = a + 3. Suppose -5*n + 3*m + 147 = 0, -y*n = -5*n - 4*m + 64. List the prime factors of n.
2, 3, 5
Let m be (4/(-4) - -1)/2. Suppose c - 3 = -q, 3*q = -m*q + 4*c + 30. What are the prime factors of q?
2, 3
Suppose -3*f - 5*s = 35, 4*f - 11 = 3*f + 4*s. Let x be -4*(-4)/(-16)*f. Suppose -k = -x*k + 52. What are the prime factors of k?
13
Let l = -34 - -39. Suppose -l*y = g - 60, 3*g - 10 = 4*y + 75. What are the prime factors of g?
5, 7
Let z = 1400 - 733. What are the prime factors of z?
23, 29
Let j(u) = 4*u**3. Let s be j(1). Suppose 12 = s*x - 2*t - 2, 2*x - 2*t - 6 = 0. List the prime factors of x.
2
Suppose 2*z - 1 = -0*z + n, -z - 7 = -3*n. Suppose 14 = -4*l - z. List the prime factors of l/8*-13*6.
3, 13
Suppose -l - 3*k = -5*l - 4, 0 = -2*l + 5*k - 16. Let x(u) = 9*u**3 + u**2 + 2. List the prime factors of x(l).
2, 3, 13
Let p = 4 - -7. Let g(j) = j**2 - 30*j + 46. Let y(r) = 6*r - 9. Let h(k) = p*y(k) + 2*g(k). What are the prime factors of h(-6)?
29
Let g(o) = -7*o + 27 + 31 - 42. List the prime factors of g(-5).
3, 17
Let h = 7 + 10. Suppose h = 4*a - 235. Suppose 0*w - 21 = -w - 3*n, 3*w = -5*n + a. What are the prime factors of w?
3, 7
List the prime factors of 75595/35 + 42/(-49)*1.
17, 127
Suppose -5*q - 2 = 3*d - 14, 0 = -2*q + 2*d + 8. Suppose q*t - 107 = 2*t. Suppose 5*z - t = 33. List the prime factors of z.
2, 7
Suppose 0 = -f + 2*f. Suppose f*c = -9*c + 108. List the prime factors of c.
2, 3
Let d = 2036 + 2386. What are the prime factors of d?
2, 3, 11, 67
What are the prime factors of ((-168)/(-140))/((-3)/(-80))?
2
Let r(o) = o**3 + o**2 - 14*o + 10. List the prime factors of r(5).
2, 3, 5
Let s = -270 + 666. Suppose -3*y = 3*f - s, 3*f - 470 = 5*y - 90. Suppose 115 = 5*m - 3*x + 5*x, 5*m = x + f. What are the prime factors of m?
5
Let d(f) = f**3 - 8*f**2 - 10*f + 12. Let x be d(9). Suppose v + 3*u = x*v - 313, 3*u = -4*v + 617. List the prime factors of v.
5, 31
Let q(a) = 2*a**2 - 8*a - 2. Let t be q(9). Let w = 127 - t. List the prime factors of w.
3, 13
Suppose -68*v = -64*v - 10252. List the prime factors of v.
11, 233
Let n be -3*1*(3 + -4). Let y = n - -15. List the prime factors of y.
2, 3
Let s = 1185 + -593. Suppose -5*q = -13*q - s. Let l = q - -133. What are the prime factors of l?
59
Let r = 6 + -1. Let n(g) = g - g**2 - g**3 - 6*g + 3*g + 9*g + r. What are the prime factors of n(-4)?
5
Suppose 4*l - 46 - 18 = 0. Let o(x) = -x**2 + 9*x - 5. Let n be o(6). Suppose l = k - n. List the prime factors of k.
29
Let k = 908 + -635. List the prime factors of k.
3, 7, 13
Let c(x) = x**2 + 5*x + 4. Let d be c(-5). Suppose 36 = 4*y - d. What are the prime factors of ((-6)/y)/((-3)/75)?
3, 5
Let v(a) = -a**3 + 7*a**2 + a + 3. Let x be v(7). Suppose -4*u + 3*y = -6, 3*u = -5*y - 0*y - x. List the prime factors of 8/(-3)*-15 - u.
2, 5
Suppose -2*c - 24 = 4*i - 6*c, 2*c - 9 = -i. What are the prime factors of i + (2 - -36) + 0?
37
Let d(p) = 60*p**2 - 12*p + 32. List the prime factors of d(7).
2, 19
Let a be (18/(-5))/(6/(-40)). Let i be (-116)/2 + 1/(-1). What are the prime factors of 8/a + i/(-3)?
2, 5
Let l(i) = i**2 - 9*i - 18. Let o be l(10). Let t(s) be the third derivative of -s**5/60 - s**4/2 - s**3/2 + 2*s**2. What are the prime factors of t(o)?
29
Let y = -77 - -77. Suppose 0 = 2*q - 5*i - 444, 3*i = q - y*i - 221. List the prime factors of q.
227
Suppose 8*z + 1184 = 9*z. What are the prime factors of z?
2, 37
Suppose -6 - 2 = -g. Let j(c) = -c**3 + 9*c**2 - 7*c - 1. Let d be j(g). Suppose -2*p + d + 1 = 0. What are the prime factors of p?
2
Let o(h) be the first derivative of h**4/4 - 3*h**3 - 4*h**2 - 4*h + 5. Let q be o(10). Suppose -48 = -2*n - q. What are the prime factors of n?
2
Let o(r) = 2*r**3 - 13*r**2 - 8*r + 7. Let n(y) = 4*y**3 - 26*y**2 - 15*y + 14. Let u(d) = -4*n(d) + 7*o(d). List the prime factors of u(6).
53
Let f(y) = -y + 13. Let w be f(8). Let a(x) = w*x + 3*x + 5*x - 5*x. List the prime factors of a(1).
2
Let z(h) = -24*h + 1908. What are the prime factors of z(0)?
2, 3, 53
Suppose -20*b + 22*b - 6 = 0. Suppose 3*d = b*y + 183, 4*d + 0*d + 5*y = 262. List the prime factors of d.
3, 7
Suppose s - 103 = 43. Suppose 0 = w + 4*a - s, -w - 3*w + 571 = 3*a. List the prime factors of w.
2, 71
Suppose -4*j = 3 + 21. Let c(y) = -10*y - 1. Let a(l) = l. Let i(x) = j*a(x) - c(x). What are the prime factors of i(5)?
3, 7
Suppose a - 4*a + 3*s + 807 = 0, -s = -5*a + 1345. Suppose -6*l + 109 = -a. What are the prime factors of l?
3, 7
Suppose -4*i - 3 = -19. Suppose -i*q + q = -15. Let u = q - -41. List the prime factors of u.
2, 23
Suppose 4*j = 5*f - 11407, -2738 = -2*f + 3*j + 1829. What are the prime factors of f?
43, 53
Suppose 91 = 5*n - 454. Suppose -11*m = n - 659. List the prime factors of m.
2, 5
Let z = -51 - -325. Suppose z + 46 = 5*j. What are the prime factors of j?
2
Suppose -c = -p + 60 + 251, -3*p - 5*c = -917. Let f = p - 117. What are the prime factors of f?
2, 3
Let o(w) = -2*w + 16. Let x be o(6). Suppose -3*f + x*f = 4. Suppose -41 - 139 = -f*b. What are the prime factors of b?
3, 5
Suppose -1899 = -c + 9*n - 5*n, -2*c + n + 3812 = 0. What are the prime factors of c?
1907
Let j = -8542 + 12774. List the prime factors of j.
2, 23
Let x be 14 - 9 - (0 - (3 - 0